{"id":34,"date":"2022-02-08T11:09:34","date_gmt":"2022-02-08T10:09:34","guid":{"rendered":"https:\/\/www.centrumlavita.sk\/?page_id=34"},"modified":"2026-01-14T12:14:56","modified_gmt":"2026-01-14T11:14:56","slug":"cennik","status":"publish","type":"page","link":"https:\/\/www.centrumlavita.sk\/?page_id=34","title":{"rendered":"Cenn\u00edk"},"content":{"rendered":"\t\t<div data-elementor-type=\"wp-page\" data-elementor-id=\"34\" class=\"elementor elementor-34\" data-elementor-settings=\"[]\">\n\t\t\t\t\t\t\t<div class=\"elementor-section-wrap\">\n\t\t\t\t\t\t\t<section class=\"elementor-section elementor-top-section elementor-element elementor-element-2351ee1 elementor-section-height-full elementor-section-items-top elementor-section-boxed elementor-section-height-default\" data-id=\"2351ee1\" data-element_type=\"section\" data-settings=\"{&quot;background_background&quot;:&quot;classic&quot;}\">\n\t\t\t\t\t\t<div class=\"elementor-container elementor-column-gap-default\">\n\t\t\t\t\t<div class=\"elementor-column elementor-col-100 elementor-top-column elementor-element elementor-element-44d0413\" data-id=\"44d0413\" data-element_type=\"column\">\n\t\t\t<div class=\"elementor-widget-wrap elementor-element-populated\">\n\t\t\t\t\t\t\t\t<div class=\"elementor-element elementor-element-6e7c801 elementor-widget elementor-widget-heading\" data-id=\"6e7c801\" data-element_type=\"widget\" data-widget_type=\"heading.default\">\n\t\t\t\t<div class=\"elementor-widget-container\">\n\t\t\t<style>\/*! elementor - v3.5.5 - 03-02-2022 *\/\n.elementor-heading-title{padding:0;margin:0;line-height:1}.elementor-widget-heading .elementor-heading-title[class*=elementor-size-]>a{color:inherit;font-size:inherit;line-height:inherit}.elementor-widget-heading .elementor-heading-title.elementor-size-small{font-size:15px}.elementor-widget-heading .elementor-heading-title.elementor-size-medium{font-size:19px}.elementor-widget-heading .elementor-heading-title.elementor-size-large{font-size:29px}.elementor-widget-heading .elementor-heading-title.elementor-size-xl{font-size:39px}.elementor-widget-heading .elementor-heading-title.elementor-size-xxl{font-size:59px}<\/style><h2 class=\"elementor-heading-title elementor-size-default\">Cenn\u00edk<\/h2>\t\t<\/div>\n\t\t\t\t<\/div>\n\t\t\t\t<div class=\"elementor-element elementor-element-7dc3a7e elementor-widget elementor-widget-text-editor\" data-id=\"7dc3a7e\" data-element_type=\"widget\" data-widget_type=\"text-editor.default\">\n\t\t\t\t<div class=\"elementor-widget-container\">\n\t\t\t<style>\/*! elementor - v3.5.5 - 03-02-2022 *\/\n.elementor-widget-text-editor.elementor-drop-cap-view-stacked .elementor-drop-cap{background-color:#818a91;color:#fff}.elementor-widget-text-editor.elementor-drop-cap-view-framed .elementor-drop-cap{color:#818a91;border:3px solid;background-color:transparent}.elementor-widget-text-editor:not(.elementor-drop-cap-view-default) .elementor-drop-cap{margin-top:8px}.elementor-widget-text-editor:not(.elementor-drop-cap-view-default) .elementor-drop-cap-letter{width:1em;height:1em}.elementor-widget-text-editor .elementor-drop-cap{float:left;text-align:center;line-height:1;font-size:50px}.elementor-widget-text-editor .elementor-drop-cap-letter{display:inline-block}<\/style>\t\t\t\t<p style=\"font-style: normal; font-weight: 400; background-color: #ffffff; font-size: 15px;\"><strong>Individu\u00e1lna pr\u00e1ca dospel\u00ed.<\/strong><br \/>Stretnutie trv\u00e1\u00a0<strong>50<\/strong>\u00a0min\u00fat a cena za\u0148 je\u00a0<strong>45 eur<\/strong>.\u00a0<\/p><p style=\"font-style: normal; font-weight: 400; background-color: #ffffff; font-size: 15px;\"><strong>Individu\u00e1lna pr\u00e1ca s de\u0165mi.<\/strong><br \/>Stretnutie s die\u0165a\u0165om trv\u00e1\u00a0<strong>45 min\u00fat<\/strong>\u00a0a cena za\u0148 je\u00a0<b>40<\/b><strong>\u00a0eur<\/strong>.\u00a0<br \/>Po \u0161tyroch stretnutiach s die\u0165atkom nasleduje konzult\u00e1cia s rodi\u010dmi.<\/p><p style=\"font-style: normal; font-weight: 400; background-color: #ffffff; font-size: 15px;\"><strong>Individu\u00e1lna pr\u00e1ca p\u00e1r.<\/strong><br \/>Stretnutie trv\u00e1\u00a0<b>75<\/b>\u00a0min\u00fat a cena za\u0148 je\u00a0<b>70<\/b><strong>\u00a0eur<\/strong>.\u00a0<\/p><div class=\"yj6qo\" style=\"color: #222222; font-family: Arial, Helvetica, sans-serif; font-size: small; background-color: #ffffff;\">\u00a0<\/div><p style=\"font-style: normal; font-variant-ligatures: normal; font-variant-caps: normal; font-weight: 400; letter-spacing: normal; orphans: 2; text-align: start; text-indent: 0px; text-transform: none; widows: 2; word-spacing: 0px; -webkit-text-stroke-width: 0px; white-space: normal; background-color: #ffffff; text-decoration-thickness: initial; text-decoration-style: initial; text-decoration-color: initial; box-sizing: border-box; font-family: eurof; border: 0px; font-size: 15px; margin: 0px 0px 1.6em; outline: 0px; padding: 0px; vertical-align: baseline; color: #7a7a7a;\"><strong style=\"box-sizing: border-box;\">Platba je mo\u017en\u00e1 v hotovosti, kartou alebo aj prevodom.<\/strong><br style=\"box-sizing: border-box;\" \/>Storno konzult\u00e1cie je bezplatn\u00e9 do 7:30 d\u0148a konzult\u00e1cie.<\/p>\t\t\t\t\t\t<\/div>\n\t\t\t\t<\/div>\n\t\t\t\t\t<\/div>\n\t\t<\/div>\n\t\t\t\t\t\t\t<\/div>\n\t\t<\/section>\n\t\t\t\t\t\t<\/div>\n\t\t\t\t\t<\/div>\n\t\t","protected":false},"excerpt":{"rendered":"<p>Cenn\u00edk Individu\u00e1lna pr\u00e1ca dospel\u00ed.Stretnutie trv\u00e1\u00a050\u00a0min\u00fat a cena za\u0148 je\u00a045 eur.\u00a0 Individu\u00e1lna pr\u00e1ca s de\u0165mi.Stretnutie s die\u0165a\u0165om trv\u00e1\u00a045 min\u00fat\u00a0a cena za\u0148 je\u00a040\u00a0eur.\u00a0Po \u0161tyroch stretnutiach s die\u0165atkom nasleduje konzult\u00e1cia s rodi\u010dmi. Individu\u00e1lna pr\u00e1ca p\u00e1r.Stretnutie trv\u00e1\u00a075\u00a0min\u00fat a cena za\u0148 je\u00a070\u00a0eur.\u00a0 \u00a0 Platba je mo\u017en\u00e1 v hotovosti, kartou alebo aj prevodom.Storno konzult\u00e1cie je bezplatn\u00e9 do 7:30 d\u0148a konzult\u00e1cie.<\/p>\n","protected":false},"author":1,"featured_media":0,"parent":0,"menu_order":0,"comment_status":"closed","ping_status":"closed","template":"","meta":{"site-sidebar-layout":"no-sidebar","site-content-layout":"page-builder","ast-main-header-display":"","ast-hfb-above-header-display":"","ast-hfb-below-header-display":"","ast-hfb-mobile-header-display":"","site-post-title":"disabled","ast-breadcrumbs-content":"","ast-featured-img":"disabled","footer-sml-layout":"","theme-transparent-header-meta":"","adv-header-id-meta":"","stick-header-meta":"","header-above-stick-meta":"","header-main-stick-meta":"","header-below-stick-meta":"","footnotes":""},"class_list":["post-34","page","type-page","status-publish","hentry"],"_links":{"self":[{"href":"https:\/\/www.centrumlavita.sk\/index.php?rest_route=\/wp\/v2\/pages\/34","targetHints":{"allow":["GET"]}}],"collection":[{"href":"https:\/\/www.centrumlavita.sk\/index.php?rest_route=\/wp\/v2\/pages"}],"about":[{"href":"https:\/\/www.centrumlavita.sk\/index.php?rest_route=\/wp\/v2\/types\/page"}],"author":[{"embeddable":true,"href":"https:\/\/www.centrumlavita.sk\/index.php?rest_route=\/wp\/v2\/users\/1"}],"replies":[{"embeddable":true,"href":"https:\/\/www.centrumlavita.sk\/index.php?rest_route=%2Fwp%2Fv2%2Fcomments&post=34"}],"version-history":[{"count":34,"href":"https:\/\/www.centrumlavita.sk\/index.php?rest_route=\/wp\/v2\/pages\/34\/revisions"}],"predecessor-version":[{"id":646,"href":"https:\/\/www.centrumlavita.sk\/index.php?rest_route=\/wp\/v2\/pages\/34\/revisions\/646"}],"wp:attachment":[{"href":"https:\/\/www.centrumlavita.sk\/index.php?rest_route=%2Fwp%2Fv2%2Fmedia&parent=34"}],"curies":[{"name":"wp","href":"https:\/\/api.w.org\/{rel}","templated":true}]}}